61
Suppose 0 = 4*g + 3*r - 5621, -157*r + 21 = -154*r. Calculate the highest common divisor of g and 532.
28
Suppose -2*w - 12 = -3*w. Suppose -4*h = -4*g + w, -4*g - 9 = -g + 3*h. Suppose z = 24 - g. Calculate the highest common factor of z and 48.
24
Let d = 29 + 8. Let x be (-1848)/(-2541) - 3/(-11). What is the highest common divisor of x and d?
1
Let t(o) = 2*o + 6. Let f be t(5). Suppose 4*g - f*g + 408 = 0. What is the highest common factor of g and 272?
34
Suppose -z + 3*g = -49, 0 = -4*z - g - 3*g + 276. Let j be z/6 + (-28)/(-21). Let l(p) = 2*p - 2. Let t be l(j). What is the highest common factor of 22 and t?
22
Let z = -1857 - -1861. What is the greatest common factor of 2344 and z?
4
Suppose 11650 = 4*s - 11*w + 16*w, -2*s - 5*w = -5820. Calculate the highest common factor of s and 22.
11
Let h(u) = 63*u + 666. Let l be h(-8). Calculate the highest common divisor of l and 126.
18
Let f be 1*-8 + (-1752)/(-144) - 2/12. Calculate the greatest common divisor of 1996 and f.
4
Let t be 46/((-80)/(-70) - 1). What is the greatest common divisor of 112 and t?
14
Let p(w) = -9*w**2 + 8*w + 31. Let k(d) = -6*d**2 + 6*d + 21. Let x(t) = 7*k(t) - 5*p(t). Let a be x(4). What is the greatest common divisor of 3 and a?
3
Suppose 4*c - 33*c + 3190 = 0. What is the highest common factor of c and 230?
10
Let a(j) = -j - 5. Let b be (18/(-5))/(-4*4/(-40)). Let g be a(b). Suppose 380 = g*o + y, 0 = -2*y - y - 12. What is the highest common divisor of 12 and o?
12
Suppose -5*x = 2*p - 13843, 0*p - p = 1. What is the greatest common divisor of x and 213?
213
Let b(r) = 13*r**2 + 4. Let i be b(3). Let x(w) = 9*w + 69. Let y be x(-7). Let g be (y/4)/(57/418). Calculate the highest common factor of i and g.
11
Let s = 104 - 134. Let y be s/((-384)/54 + 7). What is the greatest common factor of y and 20?
10
Let f = 1734 - 1612. What is the greatest common divisor of f and 10126?
122
Suppose -5*h - s - 1178 = -4217, 1837 = 3*h + 4*s. Let p = h - 602. Calculate the greatest common factor of p and 17.
1
Let q(a) = -7*a**3 + a. Let m be q(-2). Let h = m + -50. Suppose -h*n + 51 + 29 = 0. What is the highest common divisor of 50 and n?
10
Let b be 518 - (-23 - -17) - 2. What is the greatest common factor of 6090 and b?
174
Suppose 9698 = -14*p + 16*p - 4650. What is the highest common divisor of 68 and p?
34
Let q = 24 + -42. Let a(r) = -2*r + 26. Let l be a(q). Let u = 98 - l. What is the highest common factor of 4 and u?
4
Suppose -m - f - 14 + 41 = 0, -4*m = -f - 113. Suppose 50 + m = -6*g. Let t = 49 + g. What is the greatest common factor of t and 144?
36
Let g = -4600 + 4792. Calculate the highest common divisor of g and 456.
24
Suppose -4970 = -140*o - 770. Calculate the highest common factor of o and 8.
2
Let h = 7327 - 6206. What is the greatest common divisor of 236 and h?
59
Let a(c) = -c**2 - 34*c - 129. Let m = -128 + 117. Let f be a(m). Calculate the greatest common divisor of f and 155.
31
Let m(u) = -u**3 + 8*u**2 + 6*u + 1. Let p be m(5). What is the greatest common factor of 53 and p?
53
Let z be (20/7)/5 - 493/(-7). Let w = -68 + z. Suppose -2*u + 222 = 4*q, -w*u + 4*q = -0*u - 383. What is the greatest common factor of 11 and u?
11
Let f(x) = -x**3 - 2*x**2 + 9*x - 8. Let w be f(1). Let t be (4 + -14)/w - -55. What is the greatest common factor of t and 40?
20
Let m = -4346 + 4967. What is the highest common divisor of 81 and m?
27
Let z = 156 - 152. Suppose 2*t + 724 = -p + 3*p, z*p - 1438 = 2*t. What is the greatest common factor of p and 51?
51
Let x(h) = 36*h - 1. Let z be x(1). Let w = z + -19. Let u = -33231 - -33343. Calculate the greatest common divisor of u and w.
16
Let v(y) = -24*y + 191. Let s(k) = 3*k - 24. Let f(m) = 51*s(m) + 6*v(m). Let z be f(13). Calculate the greatest common factor of z and 156.
39
Let n = 20880 + -8920. Suppose -20*h = -40*h + n. Calculate the greatest common divisor of 26 and h.
26
Let q be (8 - 11) + (-3 - -2). Let g(y) = -4*y - 15. Let h be g(q). Let l be (h/4)/(2/20)*2. What is the greatest common divisor of l and 10?
5
Suppose -38*x + 8388 = -7762. Suppose -2*q + x = 3*q. Let c be 15 - (2 + -2 + -2). What is the highest common divisor of q and c?
17
Let l be (1 + 1)*1 - -28. Let w = -742 - -772. Suppose w*z - 2160 = 21*z. What is the greatest common factor of z and l?
30
Let d be 313 - (16 - 6) - (8 + -2). Calculate the greatest common factor of d and 759.
33
Let i = -39 - -41. Suppose -o - 128 = i*k - 7*k, 78 = 3*k - o. Let d(b) = b**2 - 10*b - 19. Let y be d(-7). Calculate the greatest common divisor of y and k.
25
Suppose -7*t - 156 = -212. Suppose 0 = -o + 3, o + 1274 = 5*k - o. What is the greatest common divisor of k and t?
8
Suppose -h + 4*r - 1065 = -3689, 0 = 4*h - r - 10406. What is the greatest common divisor of h and 700?
100
Let h be (1539/(-9))/(-9)*-1. Let o(p) = -p**3 - 19*p**2 + 53. Let c be o(h). What is the highest common factor of c and 848?
53
Suppose 3*o - 5*c = 112 - 321, -2*o - 151 = -c. Let k = o + 55. Let v(f) = -11*f - 77. Let j be v(k). Calculate the highest common divisor of j and 16.
16
Let h = -13 + 26. Suppose h - 285 = -8*a. Suppose -3*j + a = -2*j. Calculate the greatest common factor of 272 and j.
34
Suppose -b = -2*o + 14, -9*b + 13 = -11*b - o. Let h be 76/57*(2 - 62/b). What is the greatest common divisor of h and 52?
13
Let h = 56 + -36. Let m = 146 - h. Calculate the highest common divisor of 42 and m.
42
Suppose 4*f - 5*t = 15, t + 3 = 5*f - 0. Let v(r) = 36*r + 2. Let o be v(f). Calculate the greatest common factor of o and 8.
2
Let r = -3526 - -22831. Suppose -3*h = -36*h + r. What is the greatest common divisor of 39 and h?
39
Let r(d) be the third derivative of d**5/30 + 3*d**4/8 + d**3/3 - 23*d**2. Let l be r(-5). Let s = 20 - l. What is the greatest common factor of s and 26?
13
Suppose -2*x = -3*o - 487, 0*x = -5*x - 4*o + 1252. Suppose -672 = -4*z + x. Calculate the greatest common divisor of 10 and z.
10
Let j be 50/(-16) + 2 - (-10)/80. Let m be 23*(7/j - -8). Calculate the greatest common divisor of 1265 and m.
23
Suppose 4*p = -2*a + 54, 3*a = 61*p - 59*p - 15. Let n be 848/80 + p/(-20). Calculate the greatest common divisor of 80 and n.
10
Suppose -2*m = -5*r + 41, -r = 3*m - m - 13. Let d(p) = -p**3 - 25*p**2 - 154*p + 21. Let h be d(-15). Calculate the highest common divisor of h and r.
9
Suppose 141*u + 16672 = 585400 + 380766. Calculate the greatest common divisor of 296 and u.
74
Let r = -4197 - -4392. What is the greatest common divisor of r and 1040?
65
Suppose -2*h = 2*g - 4084, 0 = -5*h + g + 4768 + 5400. Calculate the greatest common divisor of 44 and h.
11
Let w be ((-6)/8)/(2/48). Let s be (-10)/(-45) + (-6890)/w. Suppose 0 = -2*y - 2*r + 93 + s, 719 = 3*y + 2*r. What is the greatest common factor of y and 27?
27
Let y(n) = -n**2 + 133. Let h be y(0). Suppose -8*z + 2*x = -80, 4*z + 3*x - 64 = 6*x. Calculate the highest common divisor of z and h.
7
Suppose 0 = 9*h + 43 - 106. Suppose h*c = 56 + 56. Calculate the highest common factor of 16 and c.
16
Let k = 187 - 206. Let w be -4 + (-4 - (k - -2)*3). Calculate the greatest common factor of w and 172.
43
Let l be (45/6*-1)/(43/(-774)). Calculate the greatest common divisor of 12 and l.
3
Let b be (-3587)/(-13) + (-40)/(-520). What is the highest common factor of 483 and b?
69
Suppose 3*q = -3*r + 7146, q + 970 = -3*r + 8116. What is the greatest common divisor of 6 and r?
6
Let q(j) = -31*j**3 - 14*j - 34. Let l(r) = -5*r**2 + 55*r - 3. Let p be l(11). Let i be q(p). What is the greatest common factor of 65 and i?
65
Suppose -4*o = r + 10 - 2, -2*r + 3*o = -28. Let v = r - -60. What is the highest common factor of 51 and v?
17
Let p = -12380 + 12446. What is the highest common divisor of 594 and p?
66
Let a(x) = 11*x - 2*x**2 + 8 - 6*x - 8 + 8 + 17*x. Let d be a(11). Calculate the highest common divisor of 12 and d.
4
Let s be (-354)/(-24) - (-1 - (-3)/4). Let z be (s*(-9)/27)/(1 + -2). Calculate the highest common divisor of z and 205.
5
Let q = 4002 + 408. Calculate the highest common factor of q and 60.
30
Suppose -5*w = 3*i + 8, 7*w + 20 = 2*i + 4*w. Let t be (0 - i - -22)/((-3)/(-10)). What is the greatest common factor of t and 300?
60
Let t(k) = -k**3 + 15*k**2 + 19*k - 45.